digit of j?
5
Let u(m) = m**2 - 16*m + 2. Let j be u(16). Suppose -2*g - 2*y = -8, g + y - 10 = -3*y. Suppose -6 = -i - 4, -j*i = g*d - 34. What is the units digit of d?
5
Let n = -126 - -164. What is the units digit of n?
8
Let n(v) be the third derivative of 1/8*v**4 - 2/3*v**3 - 5*v**2 + 0*v + 0. What is the tens digit of n(6)?
1
Let w(i) = -5*i - 105. Let m be w(-19). Suppose -114 + 24 = -5*l. Let g = m + l. What is the units digit of g?
8
Let b(x) = 24*x**2 - 15*x. Let a be b(13). What is the tens digit of 2/4 + (a/(-6))/(-13)?
5
Suppose -41*o + 46*o + 5*h - 2145 = 0, 4 = 4*h. What is the units digit of o?
8
Suppose 0 = -b + 227 + 9. Suppose 5*m - b = 594. What is the tens digit of m?
6
Let p(c) = c - 9. Let k be p(19). Let a be 21/105 - 2/k. Suppose a = 5*o + 24 - 94. What is the units digit of o?
4
Let c = 1293 + -925. What is the units digit of c?
8
What is the tens digit of 548/1 + (-10 - -6)?
4
Suppose -34*p - 19*p = -175695. What is the thousands digit of p?
3
Let l = -20 + 966. What is the hundreds digit of l?
9
Let j be (-16)/(-12)*6/4. Suppose 2*f - 4*i = -4 - j, 3*f + 4*i = 41. Suppose -y + f = -3. What is the units digit of y?
0
Let d(s) = -31*s - 52. What is the units digit of d(-20)?
8
Suppose -190*q + 192*q - 148 = 0. What is the units digit of q?
4
Let t = 2461 - 1661. What is the hundreds digit of t?
8
Let p = 46 + -44. Suppose 5*r = -15, -55 + 211 = 3*k + p*r. What is the units digit of k?
4
Let l(v) be the first derivative of -5*v**2/2 - 12*v - 5. Let s be l(-13). Suppose 0 = 3*q - h - 157, h - 2*h - s = -q. What is the units digit of q?
2
Let y(v) be the third derivative of v**6/120 + v**5/10 + v**4/24 - 2*v**3/3 + 20*v**2. What is the units digit of y(-4)?
4
Suppose -5 = -l + 3. Suppose -5*q + 12 = -l. Suppose -43 = -3*a - q*r + 40, 2*r + 31 = a. What is the units digit of a?
9
Let v = 51 - 55. Let c(k) = 8*k**2 - 3*k - 2. What is the units digit of c(v)?
8
Let u = -761 + 2095. What is the thousands digit of u?
1
Let r(m) = -11*m. Suppose -5*l + 2*l = -4*b + 46, -60 = -5*b + 5*l. Suppose -5*h + 5 = b. What is the units digit of r(h)?
1
Suppose 5*r + 4*w = 88, -2*r - w + 37 = -0*w. Let g be (-176)/10 + (-8)/r. What is the units digit of (-15)/4*48/g?
0
Let y(v) = v**2 + 5*v. Let k be y(-5). Suppose n - 14 - 38 = k. What is the units digit of n?
2
Let m(f) = -15*f + 16 - 2*f**2 + 15*f - 4*f**3 + 3*f**3. What is the tens digit of m(0)?
1
Let v be (-14)/(-3)*(-12)/2. Let o(j) = j**3 + 5*j**2 - 10*j - 9. Let y be o(-7). Let p = v - y. What is the units digit of p?
9
Suppose 3*m + 2 = 92. Suppose -4*k - 5*j - m = -2*k, -5*j - 10 = 0. Let d = 21 + k. What is the tens digit of d?
1
Suppose 48386 - 3183 = 17*h. What is the thousands digit of h?
2
Let a be ((-3)/6)/((-4)/40). Suppose -47 = a*i - 252. What is the tens digit of i?
4
Let t be (4 + -2)*708/32*4. Suppose -3*y + t = -156. What is the hundreds digit of y?
1
Suppose o + 2*j - 24 = 0, o - 3*j = -2*j + 21. Suppose -5*s - q = 28, -18 = 5*s + 5*q + o. Let p = s - -19. What is the tens digit of p?
1
Let a(p) = -p**3 + 6*p**2 + 3*p - 8. Let v be a(5). Suppose 4*q = v + 68. What is the tens digit of q?
2
Suppose 0*t - 2*m - 18 = -2*t, -5*m = -t + 17. Let g = t + 3. Suppose 3*o - 2 = g. What is the units digit of o?
4
Suppose 0 = 7*g - 9*g + 10. What is the hundreds digit of (g + -242)*2/(-3)?
1
Let r be 0/(-1 - -3)*-1. Suppose z + 2 = 2*z. Suppose 4*o + 4*k - 92 = r, z*k = k - 5. What is the units digit of o?
8
Let b = -11 + 14. Let d(z) = 51*z - 64*z - z**2 + 1 + b + 8. What is the units digit of d(-11)?
4
Let k(l) = 31*l**2 + 3*l - 4. Let g = -64 - -66. What is the tens digit of k(g)?
2
Let j(y) = -y**3 + 11*y**2 + 12*y - 12. Let d(f) = 2*f**3 - 21*f**2 - 23*f + 23. Let s(r) = -6*d(r) - 11*j(r). What is the tens digit of s(5)?
2
Let y be 4/12 - 3/9. Suppose 2*g - g - 1 = y. Let n(k) = 27*k**2 - 3*k + 2. What is the units digit of n(g)?
6
Suppose -10 = -3*y + 5. Suppose -y - 10 = -5*d. Suppose -3 = -d*t - 0. What is the units digit of t?
1
Suppose -z + 5*a = -1378, -5*z = -4*a - 2664 - 4247. What is the units digit of z?
3
Let b(i) = -i**2 + 11*i - 3. Suppose 20 = 5*z, 2*z + 15 = 3*j - z. Let u = 0 + j. What is the tens digit of b(u)?
1
Suppose -412 = -4*f - 4*d, 0*f - 3*d - 384 = -4*f. Let x = 5 - -1. Suppose 3*p = -x + f. What is the units digit of p?
1
Let n be (6/(-9))/1 - 8/(-12). Suppose n = r - 2 - 0, -545 = -5*v - 5*r. What is the tens digit of v?
0
Let x(w) = 14 - 17*w + w**2 + 2*w**2 - 3 - 4*w**2. What is the units digit of x(-14)?
3
Suppose -5*j - 3434 = -a, a + 5*j - 194 = 3190. What is the thousands digit of a?
3
Let l be (-26)/(-5)*50/20. Suppose 0 = l*h - 612 - 272. What is the tens digit of h?
6
Let v(q) be the first derivative of -q**3/3 - 5*q**2/2 - q - 1. Let b be v(-4). Suppose 0 = -3*k - l + 4*l - b, 2*k + 14 = 5*l. What is the units digit of k?
3
Suppose -100 = -0*g - 5*g. Let w(b) = 2*b + 5. Let u be w(-4). Let i = u + g. What is the units digit of i?
7
Let k = -91 - -266. Let v = k + 106. What is the hundreds digit of v?
2
Let k = -34 - 24. Let z = k - -107. What is the tens digit of z?
4
What is the units digit of -6 - (-72)/6 - -544?
0
Suppose 3 = n - 2, -2*y = n - 805. What is the units digit of y?
0
Let s(b) = -3*b**3 + b**2 - 3*b - 3. Let o(y) = 2*y**3 - y**2 + 2*y + 4. Let x(c) = 4*o(c) + 3*s(c). What is the units digit of x(-3)?
8
Let h(f) = 94 - 43 + 10*f - 12*f. What is the units digit of h(-16)?
3
What is the thousands digit of 6/(-3 - 75) + (-96372)/(-39)?
2
Suppose -5*a = 5*d - 4420, 44*d - 4421 = 39*d - 4*a. What is the hundreds digit of d?
8
Suppose 5*t = -6*t + 1771. What is the units digit of t?
1
Let l = -5 + -1. Let p = 8 + l. Suppose -87 = -p*o - o. What is the tens digit of o?
2
Let o be -2 + -1 + 0 - -21. Let m = 39 - 38. Suppose r - o = m. What is the tens digit of r?
1
Suppose -h - 6 = -4*t + 3, -4*h = 2*t. Suppose t*c = 3*z + 32 + 79, -2*c + 108 = -2*z. What is the units digit of c?
1
Suppose -7*l + 2683 - 121 = 0. What is the units digit of l?
6
Suppose 908 = h - 15*s + 12*s, h = -3*s + 908. What is the hundreds digit of h?
9
Let s = -41 + 43. Suppose -s*d = 5*d - 182. What is the tens digit of d?
2
Suppose 0 = b - 0*x + 4*x + 46, 0 = 2*x + 2. Let w = -39 - b. What is the units digit of w?
3
Suppose 4*d + 5*b - 937 = 0, -2*b = -3 - 7. Let p = d - 153. Suppose -3*i + p = -0*i. What is the tens digit of i?
2
Suppose 0*x = -5*f + x + 19, -11 = -3*f + x. Suppose 556 = f*j + 2*h, 3*j - 2*h - 435 = h. What is the hundreds digit of j?
1
Suppose -3*q - 33 = 3*l, l + 0*l - 3*q = 5. Let m = 2 - l. What is the units digit of m?
9
Suppose -2*f - j + 2 = -2*j, 0 = 5*f + 4*j - 18. Suppose -f*s = -24 + 2. What is the units digit of (-3)/((-3)/s) - -1?
2
Suppose -2*i + 384 = -2*p, -i - 4*p = -52 - 140. Suppose -4*u - f = -256, -4*f + 2*f = 3*u - i. What is the units digit of u?
4
Let m be ((-12)/(-20))/(2/10). Suppose 1156 = 4*b - 2*q, 2*b - 433 = -m*q + 129. What is the units digit of b?
7
Let b = -4 - -7. Suppose l + 602 = b*s + 6*l, -841 = -4*s + l. What is the units digit of s?
9
Let m be (1 + -5)/16 + 11/(-4). Suppose p = -4*l + 63, -3*l = l + 2*p - 62. Let d = m + l. What is the tens digit of d?
1
Let m(j) = -j + 18. Let l(w) = -w**2 + 2*w + 15. Let k be l(4). What is the units digit of m(k)?
1
Suppose 5*b = 2*b + 1713. Suppose -5*i - b = -4*d, -4*d = -d - 2*i - 430. What is the tens digit of d?
4
Let q = 2 - -1. Let l be (-237)/12 - 15/60. What is the tens digit of ((-15)/10)/(q/l)?
1
Let q(y) = -316*y - 256. What is the thousands digit of q(-5)?
1
Let a(j) = 10*j - 1. Let m be a(5). Let o = -32 + m. What is the tens digit of o?
1
Suppose -135*j + 14616 = -127*j. What is the tens digit of j?
2
Suppose -1018 - 1225 = -3*q - 4*c, 2996 = 4*q + 4*c. What is the hundreds digit of q?
7
Let j be 1/((-380)/96 - -4). Suppose 0 = 2*s - 26 - j. What is the units digit of s?
5
Let o be (-2)/(-10) - 8/5*-3. Suppose 5*f - 125 = -2*m, -m + o*f = -125 + 25. What is the units digit of m?
5
Let m = 3501 - 2378. What is the thousands digit of m?
1
Let v(q) = -q - 2. Suppose -2*g - 3*k - 25 = 0, -2*g + 2*k + 46 = -7*g. Let o be v(g). Suppose -o*b + b + 75 = 0. What is the units digit of b?
5
Let g(x) = -x**3 + 5*x**2 + 4*x + 3. Let t be g(6). Let v = 